2
Let p(v) = -19*v**2 - 5*v - 4. Let w(g) = -20*g**2 - 4*g - 3. Let d(l) = 3*p(l) - 4*w(l). Suppose 0*k + 3*k + 2 = -x, 0 = 2*x - 3*k - 5. Determine d(x).
24
Let w(g) = -11*g + 3*g - 92 + 98 - g**2. Let x(t) = t**3 - 7*t**2 - 7*t - 16. Let b be x(8). Determine w(b).
6
Let z(m) = 17*m - 295 + m**3 + 153 - 11*m**2 + 154. What is z(9)?
3
Let f = 716 + -712. Let u(i) be the first derivative of 2*i**3/3 - 3*i**2/2 + 3*i + 1. Calculate u(f).
23
Let x be ((-5)/3)/((-2)/(-6)*-1). Let h(n) = 7*n**2 - n - 15. Let w(v) = 6*v**2 - 14. Let l(t) = x*h(t) - 6*w(t). Calculate l(-7).
-5
Let l(f) = -4*f**2 - 33*f + 22. Let g(c) = 12*c**2 + 99*c - 66. Let b(t) = 2*g(t) + 7*l(t). Let u be b(-9). Let y(a) = a**3 + 4*a**2 - 5*a + 3. What is y(u)?
3
Let x(p) = p**3 - 2*p**2 + p. Let j be -4*3/(-12) + (-12)/4. Let k be 3/j + 15/6. Determine x(k).
0
Let n(r) = 30*r**3 - r**2 - r + 2. Let u(q) = q**3 - 6*q**2 + 7*q + 7. Let w be u(3). Calculate n(w).
30
Let b = 131 + -132. Let j(h) = -38*h**2 + 2*h + 1. Give j(b).
-39
Let w(c) = -c**3 + 4*c**2 + c - 4. Suppose -3*u + 3 = 4*t - 23, -u = -3*t. Give w(u).
-70
Let s(k) be the first derivative of -9*k**2 + 8*k**2 + 4 + 7*k - 3*k + 4*k. Let g(r) = 1. Let v(a) = -6*g(a) + s(a). Calculate v(3).
-4
Let x(m) = -m**3 + 22*m**2 - 20*m - 15. Let g(z) = -2*z**3 - 3*z**2 - 6. Let y be g(-3). Let d be x(y). Let q(k) = 3*k + 8. What is q(d)?
26
Let m(o) be the second derivative of o**5/120 + o**4/24 + 3*o**3 + 5*o. Let k(a) be the second derivative of m(a). What is k(4)?
5
Let q(p) = p**2 + p - 3. Let y be q(-5). Let x(g) = -40*g + y*g + 24*g + 1. Suppose 2*v + 2*m + 10 = -0*v, -2*v - 3*m = 10. Calculate x(v).
-4
Let l be (2 + 1 + -1)*6/(-12). Let d be (l + -5)*((-32)/12 + 3). Let f(w) = 2*w + 1. What is f(d)?
-3
Suppose -5*l = p + 2*p - 16, -5*p + 32 = 3*l. Let g(h) = 6 - 25*h + 36*h - 13*h. Give g(p).
-8
Let j(p) = 2*p + 4. Let x = 53 - 51. Let t be 3*(6/(-2) + x). What is j(t)?
-2
Let g(z) = -79*z + 10. Let d(c) = -53*c + 7. Let t(n) = -7*d(n) + 5*g(n). Let l(f) = 42*f + 127. Let y be l(-3). Calculate t(y).
-23
Let j be (5 - 1)*8/128*14. Let y(q) be the first derivative of 4 + 5*q - 1/4*q**4 - 4/3*q**3 + j*q**2. Calculate y(-5).
-5
Let l(t) = t - 1. Let s(g) = -10*g + 7. Let b(w) = -18*l(w) - 2*s(w). Let v(j) = -j**2 - 9*j - 20. Let o(d) = 11*b(d) + 2*v(d). Calculate o(4).
-12
Suppose 0 = -17*p - 5*p + 110. Let c(g) = g**2 - 4*g - 3. What is c(p)?
2
Suppose 2*q + 16 = 10*q. Let m(n) = -3 - 4*n + 5*n**2 - 7*n**2 + 3*n**q. Calculate m(5).
2
Suppose -4*x + 11*c - 61 = 16*c, 0 = 3*x - 4*c + 7. Let y(r) = r**3 + 10*r**2 + 10*r - 7. Determine y(x).
-16
Let s(f) be the second derivative of f**3/6 - 2*f**2 + 226*f - 1. Calculate s(0).
-4
Let d(r) = 504*r - 1 - 179*r - 167*r - 168*r. Determine d(1).
-11
Let f = 13 + -19. Let h be ((-55)/33)/((-2)/f). Let z(b) = b**3 - b**2 - b. Let y(s) = 3*s**3 - 8*s**2 + 3*s + 6. Let o(m) = y(m) - 4*z(m). What is o(h)?
-4
Let v(c) = -3 + 6 - 9*c + 3*c + 3*c. Suppose -3*x = -0*x - 6. Give v(x).
-3
Let l(b) = -b - 14. Let h be 1*(561/(-34))/(3/(-4)). Suppose 2*m + 14*t + 23 = 11*t, 0 = 2*m + 2*t + h. Calculate l(m).
-4
Let c(h) = -14*h**2 + 81*h + 12. Let y be c(6). Let w(x) = x**2 + 15*x + 13. Let u(i) = -i**2 - 14*i - 12. Let n(f) = 6*u(f) + 5*w(f). Calculate n(y).
11
Let b(m) be the third derivative of -m**5/60 - m**4/2 - 5*m**3/2 + 455*m**2. Give b(-12).
-15
Suppose 0 = 5*l - 5*h - 20, l = 2*h - 0 - 1. Let q(s) be the second derivative of s**5/20 - 5*s**4/6 + 11*s**3/6 - 6*s**2 - 230*s. What is q(l)?
6
Let l(s) = s. Let y(g) = 3*g**2 - 6*g - 11. Let h(b) = -4*b**2 + 6*b + 12. Let q(p) = -4*h(p) - 5*y(p). Let u be q(-4). What is l(u)?
-1
Suppose -23*n = -25*n + 4. Let p(m) = 5954 - 4*m - 5946 + n*m. Determine p(-7).
22
Let f(j) = -4 + 15*j - 19*j + 6*j + 1. What is f(2)?
1
Suppose 5*y + 6 = y - q, 0 = -2*y + 4*q - 12. Let h(b) = 2*b**2 + b - 2. Give h(y).
4
Let h(g) = 15*g**2 - 2*g**2 - 11*g**2. Let t = -98 - -99. Give h(t).
2
Let g(c) = -c**3 + 5*c**2 - c + 3. Suppose -4*u + 10 - 2 = 0. Suppose q + u = -5*o + 3*o, 3*q = -o + 4. Let t be (-1)/((-44)/20 - o). Determine g(t).
-2
Let t(h) = -2*h**2 - 3. Let r(d) = -d**2 + 1. Let i(l) = 2*r(l) - 2*t(l). Let w(g) be the first derivative of i(g). Calculate w(-1).
-4
Let j(n) be the third derivative of -n**4/24 - n**3 + 64*n**2. Calculate j(-6).
0
Let m be -2 - (1 - -2*6/3). Let h(o) = o**3 + 8*o**2 + 6*o + 4. What is h(m)?
11
Suppose -44 = 4*c - 5*m, -5*m + 22 = -3*c - 16. Let a be (-22 - -1)*2/c. Suppose a = -3*r - 2. Let j(v) = v**2 + 3*v + 4. Calculate j(r).
4
Let x(n) = -2*n**3 + 18*n**2 - 14*n - 14. Let c(o) = -o**3 - 13*o**2 - 40*o - 28. Let w be c(-9). What is x(w)?
2
Let t(y) = -90*y - 74. Let r(k) = 16*k + 15. Let b(i) = 22*r(i) + 4*t(i). Determine b(5).
-6
Let d(c) = -11*c + 9*c - 6 - 5. Let m be d(-6). Let q(i) = 7*i**2 + 1. Let o be q(m). Let p(u) = -u**2 + 8*u - 4. What is p(o)?
-4
Let l(z) = z**2 + 10*z - 6. Suppose 3*v = -4*m + 88, 0 = -0*m + 5*m + 4*v - 109. Let w = m - 35. Determine l(w).
-6
Let h(z) = 1 + 6*z + 3 - 7*z - 6*z. Give h(2).
-10
Let v = 251 - 234. Suppose -a + 2 + 9 = 0. Let b(t) = -v + t + 14 + a. What is b(-7)?
1
Let q(s) = 2*s + 4 + 2 - s**3 + 7*s**2 + 5*s. Let c(z) = -z**2 - 19*z - 76. Let a be c(-12). Calculate q(a).
-2
Let x(j) = j**3 + 5*j**2 + 3*j + 1. Suppose -2*m - 4*p = -8, -3*m + 6 = 3*p - 6. Let g = -19 - -13. Let i be (-16)/(-6)*g/m. Give x(i).
5
Suppose -3*h + 1 = -4*h. Let u be h/(((-3)/4)/(-3)). Let b(s) be the second derivative of s**3/3 + 5*s**2/2 - 1411*s. Give b(u).
-3
Let o(n) = 7 + 26*n - 12*n - 16*n. Let u = 6 - 3. Suppose 0 = -5*s + 5*d + 3 + 2, -u*d = 4*s - 39. Give o(s).
-5
Let z(d) = d**3 - 17*d**2 + 15*d + 15. Let y be z(16). Let v(a) = -4*a**3 - 2*a - 1. Give v(y).
5
Let i(p) be the second derivative of -p**4/6 + p**3/6 + p**2/2 - 5*p + 15. Calculate i(-2).
-9
Let x(n) = 0 + 5*n + 1 - 5*n - 7*n. Let m be x(-1). Let k = m + -10. Let h(q) = -q**3 - 2. Determine h(k).
6
Let p(y) = y**3 - 17*y**2 + 16*y + 6. Suppose -8*a + 65 = -63. Give p(a).
6
Let d(u) be the first derivative of -u**2/2 - 12*u + 66. Give d(9).
-21
Suppose -4*b + 24 = x, -3*x - x = 0. Let w(f) = -5*f - 13 - 3*f + b*f + 3*f. Determine w(6).
-7
Suppose -2*x = -3*b + 31, 3*x - x - 2*b = -26. Let a(z) be the first derivative of z**2/2 + 2*z - 4. What is a(x)?
-6
Let y be ((-87)/(-15))/((-1)/(-5)). Suppose 4*p - 22 = -r, 2*r + 7*p = 2*p + y. Let d(c) = r*c + 0 - c**2 + 2 + 1. Give d(-2).
-5
Let l = 691 + -685. Let w(z) be the third derivative of -1/24*z**4 + z**2 - 1/3*z**3 + 0 + 0*z. What is w(l)?
-8
Let t(w) = w**3 - 3*w**2 - 6*w - 5. Let r be ((-3)/(-6))/(-2 + (-21)/(-10)). What is t(r)?
15
Let m(d) be the second derivative of d**3/6 + d**2/2 - 2*d + 44. What is m(2)?
3
Let y(l) = 9*l**3 + l. Let a be y(1). Suppose 4*n - 6 = -d, -4*n = -0*d - d - a. Let m(v) = -v**3 - 2*v**2 - 2*v. Determine m(d).
4
Let t(j) = -2*j**3 + j**2 + 4*j + 3. Let m be t(-3). Let n = 59 - m. Let h(d) = d**3 - 6*d**2 + 5*d + 1. Give h(n).
1
Let o(x) = -3*x + 20. Let l(z) = 12*z**2 + 50*z + 17. Let m be l(-4). What is o(m)?
-7
Let m(o) = o**3 - 7*o**2 - 19*o + 19. Let k be m(9). Let x(u) = -u + 14. Calculate x(k).
4
Let h = -8 + 11. Suppose -5*q + 0*w = 3*w - 37, q - 2*w = -h. Let r(n) = -n**2 + 6*n - 3. What is r(q)?
2
Let u be ((-9)/12)/(1/(-24)) + 2. Let b be (-14 + u - (4 + -1)) + 1. Let a(d) = d**2 - 2*d - 4. Calculate a(b).
4
Let x(n) = -6 + 8 + 2 - n**2 + 10*n + 9. What is x(11)?
2
Suppose 0 = -2*d + 4*g, 2*d = -4*g + 7*g + 1. Let v(t) = -6*t**2 - 2*t - 1. Give v(d).
-29
Let g(r) be the first derivative of -r**4/12 + 2*r**3/3 - 3*r**2/2 - 14*r + 38. Let h(u) be the first derivative of g(u). Calculate h(4).
-3
Let c(d) = -6 - 6 - 6*d - 3*d + 9. Let b(y) = -3*y - 1. Let h(r) = 14*b(r) - 4*c(r). Give h(-2).
10
Let j(y) be the second derivative of y**7/840 + y**6/40 + 7*y**5/120 - y**4/6 - 17*y**3/6 + 13*y. Let m(o) be the second derivative of j(o). Determine m(-8).
4
Let d(a) be the third derivative of -a**5/30 + 5*a**4/24 - 5*a**3/6 + 136*a**2. Let f(g) = -g + 11. Let n be f(7). Give d(n).
-17
Let a(g) = g**3 - 5*g**2 + g - 7. Let r(q) be the second derivative of q**3/2 - q**2/2 + 8*q. Let s be r(2). Suppose 20 = s*h - h. Give a(h).
-2
Let k = -185 - -192. 